se
Does 5 divide 9297972?
False
Is 177559463 a multiple of 128?
False
Is 107 a factor of 1490617?
True
Does 88 divide 175290394?
False
Is 152311322 a multiple of 701?
False
Is 150 a factor of 320848350?
True
Does 849 divide 1502670570?
True
Does 795 divide 92612202?
False
Does 11 divide 101485582?
True
Does 258 divide 23502624?
False
Does 44 divide 622486480?
True
Is 4524184 a multiple of 264?
False
Is 249 a factor of 797365728?
True
Does 70 divide 65542886?
False
Does 646 divide 154625713?
False
Is 1956672 a multiple of 129?
True
Is 2832171845 a multiple of 11050?
False
Is 6715 a factor of 960775485?
True
Does 29 divide 43427978?
False
Is 337646070 a multiple of 369?
True
Does 81 divide 4708044?
True
Is 1545260 even?
True
Does 1013 divide 79150376?
False
Does 54 divide 5550120?
True
Is 17080366 a multiple of 61?
True
Is 872 a factor of 984959906?
False
Does 99 divide 14942134?
False
Does 111 divide 272005056?
True
Is 1968507324 a multiple of 937?
False
Is 5659 a factor of 2231884618?
False
Is 364 a factor of 119857920?
True
Is 2010518708 a multiple of 22?
True
Does 2919 divide 573503496?
False
Is 39038958 a multiple of 133?
True
Is 259 a factor of 259740999?
True
Does 10945 divide 2183293517?
False
Does 1240 divide 11099095?
False
Is 11 a factor of 47643662?
True
Is 82 a factor of 31366968?
True
Is 1917795891 a multiple of 51?
True
Does 4787 divide 180527344?
True
Is 22210567 a multiple of 5?
False
Is 4213787 a multiple of 301?
False
Does 3345 divide 1123642365?
True
Is 96889498 a multiple of 1598?
False
Does 925 divide 252605829?
False
Is 341 a factor of 464339884?
False
Does 471 divide 773382?
True
Is 1808 a factor of 269155152?
True
Does 680 divide 53055732?
False
Does 172 divide 17036704?
False
Is 14 a factor of 3367699356?
True
Does 2504 divide 531614224?
True
Is 64292762 a multiple of 1352?
False
Is 9 a factor of 235177?
False
Does 29 divide 714935386?
False
Is 2893240120 a multiple of 21?
False
Does 9 divide 44349687?
True
Is 50 a factor of 223605050?
True
Is 4 a factor of 521815?
False
Is 49509760 a multiple of 160?
True
Does 1218 divide 10423814?
False
Does 7 divide 4143069?
True
Is 804 a factor of 755580060?
False
Is 81433838 a multiple of 12?
False
Is 105148416 a multiple of 14?
False
Does 715 divide 55781802?
False
Does 18 divide 391873?
False
Does 105 divide 26836362?
False
Is 10 a factor of 420143390?
True
Is 1238305329 a multiple of 123?
True
Is 53074632 a multiple of 7?
False
Is 86 a factor of 5595871?
False
Is 5117992 a multiple of 44?
True
Does 1658 divide 41937529?
False
Does 2960 divide 1323830901?
False
Does 39 divide 52993733?
False
Is 86829596 a multiple of 14?
True
Is 532174 a multiple of 8?
False
Is 70 a factor of 618101036?
False
Is 106787761 a multiple of 55?
False
Is 83664295 a multiple of 7?
False
Is 3252 a factor of 339902337?
False
Is 780 a factor of 22236970?
False
Is 649160447 a multiple of 377?
True
Does 1112 divide 265015176?
True
Does 1886 divide 3056398792?
True
Is 81765916 a multiple of 796?
True
Is 1396 a factor of 36333692?
True
Is 28 a factor of 83252428?
True
Does 3209 divide 368120435?
True
Is 30832416 a multiple of 32?
True
Is 3615675 even?
False
Is 129593754 a multiple of 176?
False
Is 32351008 a multiple of 491?
True
Is 989 a factor of 71487887?
True
Is 3256819854 a multiple of 3164?
False
Does 92 divide 24278818?
False
Is 1852224666 a multiple of 3701?
True
Does 133 divide 196201201?
True
Is 155054890 a multiple of 686?
False
Is 631819965 a multiple of 21?
True
Is 200230584 a multiple of 30?
False
Is 109394493 a multiple of 616?
False
Is 6 a factor of 12474669?
False
Does 331 divide 35243556?
True
Is 15358460 a multiple of 78?
False
Does 24 divide 1390176?
True
Does 1640 divide 63190703?
False
Does 4846 divide 544220338?
True
Is 14 a factor of 146546?
False
Does 24 divide 2148258648?
True
Is 112 a factor of 175622192?
False
Is 150780456 a multiple of 332?
True
Is 243994176 a multiple of 24?
True
Does 61 divide 36132252?
True
Is 469727760 a multiple of 2136?
True
Is 235 a factor of 47394330?
True
Is 203890200 a multiple of 2?
True
Does 2466 divide 89311122?
True
Is 45968380 a multiple of 244?
True
Does 79 divide 13947599?
False
Is 119 a factor of 8071292?
False
Is 212 a factor of 305612840?
True
Is 976809508 a multiple of 3?
False
Does 20 divide 7596305?
False
Is 48597474 a multiple of 77?
False
Is 15314595 a multiple of 5?
True
Does 133 divide 12980534?
True
Does 317 divide 67617685?
True
Is 32797474 a multiple of 4?
False
Is 655 a factor of 66130640?
False
Does 354 divide 5981270?
False
Does 8 divide 133308064?
True
Is 1298 a factor of 112534004?
True
Does 13 divide 459466?
False
Is 51671259 a multiple of 166?
False
Does 1318 divide 365086?
True
Does 521 divide 1638304?
False
Is 12367055 a multiple of 239?
True
Does 2735 divide 36429835?
False
Does 1640 divide 6197560?
True
Is 653 a factor of 593540679?
False
Does 40 divide 2254912200?
True
Does 2964 divide 99587436?
True
Is 32 a factor of 8727335?
False
Is 64479660 a multiple of 12?
True
Is 4 a factor of 16115873?
False
Is 4504570056 a multiple of 2898?
True
Is 57955972 a multiple of 131?
True
Is 154188252 a multiple of 9?
True
Is 23962457 a multiple of 12?
False
Is 4385678793 a multiple of 357?
False
Does 6280 divide 637583280?
True
Is 37 a factor of 11709945?
True
Is 21 a factor of 21552993?
True
Does 33 divide 5369576553?
True
Is 1017200 a multiple of 25?
True
Is 17 a factor of 311372517?
False
Is 68414396 a multiple of 20?
False
Is 715 a factor of 57087692?
False
Is 65 a factor of 407561970?
False
Does 831 divide 1619355266?
False
Is 101455219 a multiple of 9?
False
Does 1928 divide 240791472?
False
Is 853283266 a multiple of 894?
False
Does 1211 divide 34775590?
False
Does 116 divide 81086419?
False
Does 570 divide 354361590?
True
Is 41 a factor of 28725455?
False
Does 86 divide 21435571?
False
Does 4 divide 11529237?
False
Is 123320482 a multiple of 34?
True
Is 108673477 a multiple of 83?
True
Is 30 a factor of 43376940?
True
Is 1868 a factor of 7655136?
False
Does 16 divide 258134144?
True
Is 90 a factor of 526626630?
True
Is 4744368 a multiple of 8?
True
Is 232160262 a multiple of 409?
False
Is 9 a factor of 29160180?
True
Is 4724 a factor of 183210892?
True
Is 1722 a factor of 387704856?
True
Is 20 a factor of 98110660?
True
Is 700989938 a multiple of 11?
True
Is 4484046 a multiple of 16?
False
Is 10958742 a multiple of 47?
False
Does 15 divide 3646651676?
False
Is 196966932 a multiple of 186?
True
Does 575 divide 151669828?
False
Is 3078193225 a multiple of 35?
False
Is 24 a factor of 24899370?
False
Does 16 divide 5356378003?
False
Does 23 divide 89454936?
False
Is 23084786 a multiple of 2?
True
Is 40132508 a multiple of 103?
True
Does 11 divide 741594780?
False
Is 17 a factor of 448961020?
False
Does 25 divide 177025075?
True
Does 32 divide 1459980832?
True
Is 1308435969 a multiple of 123?
False
Does 163 divide 11726728?
False
Is 83 a factor of 3292464?
False
Is 124 a factor of 7863584?
True
Does 24 divide 19530192?
True
Is 74 a factor of 50648030?
False
Is 3069603240 a multiple of 165?
True
Is 6 a factor of 913242068?
False
Does 1370 divide 170224576?
False
Is 397044330 a multiple of 30?
True
Is 624124984 a multiple of 466?
True
Is 3444134618 a multiple of 971?
False
Does 98 divide 17957008?
False
Is 127423008 a multiple of 72?
True
Does 4 divide 10244592?
True
Does 776 divide 21639589?
False
Is 34362439 a multiple of 58?
False
Does 72 divide 17265744?
True
Is 46565010 a multiple of 939?
True
Does 20 divide 868158980?
True
Does 22 divide 138218771?
False
Is 22155026 a multiple of 2245?
False
Does 420 divide 27763260?
True
Is 182259507 a multiple of 1249?
False
Is 1863073788 a multiple of 6?
True
Is 6065462 a multiple of 26?
True
Does 64 divide 70812091?
False
Does 72 divide 1378295928?
True
Does 10783 divide 1941177226?
True
Is 68123974 a multiple of 622?
False
Does 42 divide 18573865?
False
Is 928578260 a multiple of 19?
True
Is 93 a factor of 16159113?
False
Is 621621 a multiple of 2?
False
Does 174 divide 48878282?
False
Does 109 divide 1108748?
True
Does 2 divide 7012827?
False
Does 9180 divide 2378831760?
True
Is 191086492 a multiple of 164?
False
Is 29452632 a multiple of 44?
True
Does 954 divide 521569116?
False
Does 51